and 27876.
12
What is the highest common divisor of 54 and 251634?
6
Calculate the highest common factor of 1375 and 39215.
55
Calculate the greatest common divisor of 10994 and 3082.
46
What is the highest common factor of 57 and 2210403?
57
Calculate the highest common divisor of 1068 and 534801.
267
Calculate the highest common factor of 248 and 4278.
62
What is the greatest common divisor of 2266 and 11638?
22
Calculate the greatest common divisor of 2698 and 63474.
142
Calculate the highest common divisor of 310 and 108438.
62
Calculate the greatest common divisor of 70366 and 10718.
466
What is the highest common divisor of 1302 and 8370?
186
Calculate the highest common divisor of 1590 and 90.
30
Calculate the highest common divisor of 13772 and 4069.
313
Calculate the greatest common factor of 20660 and 1220.
20
What is the highest common divisor of 68 and 127177?
17
Calculate the highest common divisor of 3 and 135199.
1
Calculate the highest common divisor of 160 and 177200.
80
Calculate the highest common factor of 1037 and 31232.
61
Calculate the greatest common factor of 7788 and 64.
4
Calculate the greatest common factor of 2159 and 459.
17
What is the greatest common divisor of 247 and 179569?
247
What is the highest common factor of 26563 and 9494?
101
Calculate the highest common divisor of 430 and 3123735.
215
What is the highest common divisor of 44385 and 2145?
165
Calculate the highest common divisor of 88907 and 91.
91
What is the highest common divisor of 48040 and 9160?
40
Calculate the greatest common factor of 1836 and 21012.
204
Calculate the highest common divisor of 191 and 407.
1
What is the greatest common divisor of 774 and 56700?
18
What is the highest common divisor of 205466 and 76?
38
What is the highest common divisor of 171375 and 1828?
457
Calculate the greatest common factor of 192 and 20304.
48
What is the greatest common factor of 25014 and 33?
33
Calculate the highest common divisor of 215 and 176945.
215
Calculate the highest common divisor of 6318 and 252.
18
What is the greatest common divisor of 5531191 and 177?
59
Calculate the greatest common divisor of 5 and 51335.
5
Calculate the highest common factor of 10445 and 10.
5
Calculate the highest common factor of 45075 and 210.
15
What is the greatest common factor of 189618 and 132?
66
Calculate the greatest common divisor of 1007 and 817.
19
Calculate the greatest common factor of 8401 and 124.
31
Calculate the greatest common factor of 2435100 and 75.
75
Calculate the greatest common factor of 230632 and 1651.
127
What is the highest common divisor of 2219 and 161?
7
What is the greatest common factor of 268 and 53?
1
Calculate the highest common factor of 11 and 46904.
11
Calculate the greatest common divisor of 93 and 78213.
93
What is the highest common factor of 126 and 20808?
18
What is the highest common divisor of 240 and 28088?
8
What is the greatest common factor of 2655 and 294115?
295
Calculate the greatest common divisor of 23639 and 385.
77
What is the highest common divisor of 2169 and 603?
9
Calculate the greatest common divisor of 3192 and 329916.
228
What is the greatest common factor of 13293 and 1449?
63
What is the greatest common factor of 78529 and 484?
121
Calculate the greatest common factor of 6972 and 100596.
996
What is the greatest common divisor of 20 and 48140?
20
Calculate the highest common divisor of 75042 and 4653.
99
What is the greatest common divisor of 1421 and 25375?
203
Calculate the greatest common divisor of 1873396 and 2576.
644
Calculate the highest common divisor of 2032 and 97282.
254
Calculate the greatest common divisor of 45465 and 21315.
105
What is the highest common factor of 1536 and 4764?
12
What is the highest common divisor of 109808 and 3488?
16
Calculate the greatest common divisor of 24 and 527196.
12
What is the greatest common factor of 10746169 and 259?
259
Calculate the highest common factor of 28906 and 31.
1
What is the greatest common divisor of 7735 and 8125?
65
Calculate the greatest common factor of 1719 and 1143.
9
Calculate the greatest common divisor of 196 and 19649.
49
Calculate the highest common divisor of 49077 and 95.
19
Calculate the greatest common divisor of 42180 and 1164.
12
Calculate the highest common divisor of 42377 and 124.
31
What is the greatest common factor of 337 and 397997?
337
Calculate the greatest common divisor of 4416 and 3818.
46
Calculate the greatest common divisor of 27 and 1213029.
27
What is the highest common divisor of 48 and 45616?
16
What is the greatest common divisor of 16384 and 441344?
1024
Calculate the greatest common divisor of 20589 and 9.
3
Calculate the highest common factor of 1021658 and 11.
11
Calculate the greatest common divisor of 272 and 21624.
136
Calculate the greatest common factor of 298 and 6549146.
298
What is the highest common factor of 133 and 189?
7
What is the highest common factor of 25 and 5598425?
25
What is the greatest common factor of 272 and 24922?
34
What is the greatest common divisor of 533310 and 2610?
870
Calculate the highest common factor of 2 and 16869.
1
What is the greatest common divisor of 9632 and 202874?
602
Calculate the highest common divisor of 225 and 263070.
45
Calculate the greatest common factor of 4913 and 17.
17
Calculate the highest common factor of 158 and 740546.
158
Calculate the highest common factor of 2444 and 76.
4
What is the greatest common divisor of 17 and 11560?
17
What is the greatest common divisor of 470230 and 30?
10
Calculate the greatest common factor of 665160 and 200.
40
What is the highest common divisor of 92 and 31004?
92
What is the greatest common factor of 3395 and 8?
1
Calculate the highest common factor of 31200 and 16.
16
What is the greatest common factor of 143 and 37661?
13
What is the greatest common factor of 36520 and 2324?
332
Calculate the highest common divisor of 34950 and 34350.
150
What is the greatest common factor of 1065 and 1582235?
355
What is the highest common factor of 732252 and 84?
12
What is the greatest common divisor of 294372 and 78?
78
Calculate the greatest common divisor of 8372 and 1610.
322
What is the greatest common divisor of 1145 and 785?
5
Calculate the greatest common divisor of 2499 and 1421.
49
What is the greatest common divisor of 2446 and 1471269?
1223
What is the highest common divisor of 230380 and 1780?
20
What is the highest common divisor of 38568 and 64?
8
What is the highest common factor of 10707 and 645?
129
What is the greatest common divisor of 1108233 and 98?
49
Calculate the highest common factor of 32 and 42376.
8
What is the greatest common factor of 37938 and 336?
6
Calculate the highest common factor of 6742 and 12.
2
What is the greatest common factor of 9581 and 78?
13
Calculate the highest common divisor of 1703 and 10504.
13
What is the greatest common factor of 767290 and 23545?
1385
Calculate the greatest common factor of 712 and 424.
8
What is the greatest common divisor of 4086 and 2400?
6
What is the greatest common divisor of 157685 and 2013?
671
What is the highest common factor of 201487 and 143?
143
Calculate the greatest common factor of 339 and 540479.
113
What is the highest common factor of 8544 and 212087?
89
What is the highest common divisor of 281012 and 17278?
326
What is the highest common factor of 105 and 1462755?
105
Calculate the highest common divisor of 245 and 26565.
35
Calculate the highest common factor of 105 and 87339.
21
What is the greatest common factor of 32 and 10520?
8
Calculate the greatest common factor of 468 and 9684.
36
Calculate the greatest common divisor of 490956 and 12.
12
What is the highest common divisor of 200 and 75900?
100
What is the highest common divisor of 3992 and 952?
8
Calculate the greatest common divisor of 20972 and 29532.
428
Calculate the highest common factor of 1780 and 4720.
20
What is the greatest common divisor of 1738 and 148757?
79
What is the greatest common divisor of 26 and 205790?
26
What is the greatest common factor of 341299 and 35?
7
What is the highest common factor of 150 and 1850775?
75
Calculate the greatest common divisor of 2832 and 4744.
8
Calculate the highest common factor of 24 and 3528.
24
Calcula